at is the units digit of u(q)?
5
Let d(u) be the first derivative of u**2 - 2*u + 5. Let s be d(2). What is the units digit of 2 + (-4 - -52) + s + -1?
1
Let y be (-30)/(15/(-20)*2). Suppose -17*p + 18*p - 4 = 0. Suppose w - 825 = -5*z - 3*w, 0 = -p*w + y. What is the tens digit of z?
6
Let t(z) = -3*z**3 - 10*z**2 - 8*z. Let s(j) = 4*j**3 + 9*j**2 + 9*j + 1. Let x(a) = -4*s(a) - 5*t(a). What is the tens digit of x(12)?
3
Let i(y) = y**2 + 27*y + 35. Let k be i(-24). Let l = 196 + k. Let u = -54 + l. What is the units digit of u?
5
Let v(b) = 8*b**3 - 3*b**2 + 18*b - 9. What is the ten thousands digit of v(17)?
3
Suppose 4*b = c - b - 53, 0 = c - 2*b - 56. Let p = c + -55. Suppose v = p + 9. What is the tens digit of v?
1
Suppose p - 3*p = 8. Let l be -2 - (-1 - p/(-1)). Suppose -l*t - 20 = t, -70 = -2*r - 4*t. What is the tens digit of r?
4
Suppose -2*o = -5*o. Let x(c) = 2*c + 244. What is the hundreds digit of x(o)?
2
Suppose 40 = 9*d - 5*d. Let a = d - 10. Suppose -115 = -l - a*l. What is the tens digit of l?
1
Suppose -5*i - 5*c = 90, 3*i + 50 = -0*i - c. Let k be i/28 + (-36)/(-14). Suppose -5*p = 2*y - 26, -2*p + 3*y + k*y = -22. What is the units digit of p?
6
What is the units digit of -39662*20*(-39)/52*(-2)/(-35)?
6
Suppose 3*q = -16*f + 20*f - 26713, -2*q + 10 = 0. What is the hundreds digit of f?
6
Let n be ((-18)/(-15))/(-6 + ((-4)/(-90) - -6)). Suppose 67 = 3*o + 4. Suppose n*w - o*w - 384 = 0. What is the units digit of w?
4
Let r(s) = -2*s + 34. Suppose 0 = -a + 44 - 27. Let z be r(a). Suppose z = -15*c + 18*c - 468. What is the tens digit of c?
5
Let u = 11578 - 7435. What is the units digit of u?
3
Suppose 0 = -1577*t + 1609*t - 80352. What is the hundreds digit of t?
5
Let v be (114/4)/((-59)/(-708)). Let m = v - 142. What is the tens digit of m?
0
Suppose -y - 15*f + 18*f = 7, -f = -4*y + 16. Suppose -4*i + 9*g - 7*g + 2674 = 0, 2665 = 4*i - y*g. What is the tens digit of i?
7
Let b(o) = -1971*o - 14440. What is the hundreds digit of b(-19)?
0
Suppose 3*t + 441 - 4842 = 0. What is the units digit of t?
7
Let r be ((385/7)/(-11))/(25/(-105)). Suppose 3*c - 60 = c. Let k = r + c. What is the units digit of k?
1
Suppose -2274 = -7*s + 120. Let h = -71 + s. What is the hundreds digit of h?
2
Let o = 1393 - -2439. What is the hundreds digit of o?
8
What is the tens digit of ((-2585)/2 + -2)/(-27 + (-795)/(-30))?
8
Let v = -11 + 26. Suppose -5*s + 2*s + v = 0. Suppose 5*a + 413 = s*o + 48, -3*o + 213 = 3*a. What is the tens digit of o?
7
Suppose 15*a = 622423 + 170927. What is the hundreds digit of ((-2)/(-5))/(43/a)?
4
Let k(y) = y**3 + 59*y**2 - 67*y + 28. What is the units digit of k(-52)?
0
Let d be 2/(-8)*14/(-7)*24. Suppose d = 4*z + 8*z. What is the units digit of z?
1
Let f(z) be the first derivative of -3/2*z**2 + 8*z**3 + 0*z + 25. What is the tens digit of f(-1)?
2
Let u(q) = -q**3 + 2*q**2 + q - 12. Let b be u(0). What is the tens digit of (-548)/(-6) + (-44)/b + -3?
9
Let f(t) be the first derivative of 167*t**2 + 4*t - 13. Let n be f(2). Suppose 0 = -14*b + 8*b + n. What is the hundreds digit of b?
1
Let m(x) = -3*x**2 + 30*x + 16. Let p be m(13). Let y = 165 + p. What is the tens digit of y?
6
Suppose -31*a = -59765 - 132900. What is the units digit of a?
5
Suppose 9*p - 4 = 10*p. Let s be (3 + (-140)/p)*4. Suppose 0 = 4*q - 4*t - 548, 5*t = q + 19 - s. What is the hundreds digit of q?
1
Let k = 39 + -29. Suppose k*x - 28 = 6*x. Suppose x*m - 10*m + 267 = 0. What is the units digit of m?
9
Suppose -5*k - 29708 = -3*u + 30085, k = 2*u - 39855. What is the hundreds digit of u?
9
Let c = 28644 + -8387. What is the hundreds digit of c?
2
Let g(i) = 2*i**2 - 18*i + 9. Let w be g(10). Suppose -k + 18 = -w. Let t = k + -17. What is the tens digit of t?
3
Suppose 3*k + 1084 = -k. Suppose -696*p = -701*p - 2005. Let x = k - p. What is the units digit of x?
0
Let s(p) = -2*p**3 + 5*p**2 + p - 3. Suppose -3*y = -0 - 6. Let j be s(y). Suppose -3*t = -3*d - 756, -110 - 142 = -t + j*d. What is the hundreds digit of t?
2
Let c be 1 + (-2 - 0) + -11 + 14. Suppose c*v + 18 = -0*v. What is the units digit of (1 + -8)*3/v*3?
7
Let g = 220 - 60. Suppose 6*f + 2*f = -g. Let u(j) = -4*j + 36. What is the units digit of u(f)?
6
Suppose -11*x = -9*x - 402. Let u = 83 - x. What is the tens digit of (u/(-3))/(10/15)?
5
Suppose 5*m + 4*v + 1419 = 0, -3*m = 5*v + 141 + 713. Let n = -104 - m. What is the tens digit of n?
7
Let j be ((-9)/3)/(6/(-8)). Suppose 1 - j = -p. Suppose -2*v + p*v - 70 = 0. What is the tens digit of v?
7
Let p(k) = 98*k - 15. Let q(d) = d**3 - 4*d**2 + 5*d - 1. Let c be q(1). What is the tens digit of p(c)?
8
Let p = 357 + -247. Suppose 4*y - 9*y + p = 0. What is the tens digit of y?
2
Suppose -3*i = -4*i + 2608. Let j be 13 - (-8 + 17) - 4. Suppose -13*d - 3*d + i = j. What is the hundreds digit of d?
1
Let c = -155 - -130. Let y = 17 - c. What is the units digit of y?
2
Let s = -95 - -89. What is the hundreds digit of s*(-2)/12*4 - -348?
3
What is the ten thousands digit of ((26 - 27)*17321)/(-1)?
1
Suppose -5*f + 1986 + 4767 = 2*i, 4*i = 2*f + 13518. What is the units digit of i?
9
Let h = 6 + -2. Suppose -2*x + 1177 = p, 5*x + h*p = -0*x + 2935. What is the units digit of x?
1
Suppose 0 = w + 3*v - 2, 3*w - 2*v = 4*w - 1. Let h be 15067/(-38) - w/2. Let a = h + 614. What is the hundreds digit of a?
2
Let g be 20/(-6)*30/(-25). Suppose -t = g - 65. Suppose -3*c + 4*c - t = 0. What is the units digit of c?
1
Suppose -4*y + 22 = 2. Suppose -57 = -3*p - i, i = y*p - 3*i - 95. Suppose 16*r + 87 = p*r. What is the tens digit of r?
2
Let m be -28*100/75*6*1. Let w = m + 684. What is the hundreds digit of w?
4
Suppose 39*k - 281436 = 501645. What is the thousands digit of k?
0
Let s(m) = 18 - 52*m**2 + 12*m + 19 - 12*m**3 + 14*m**3. What is the hundreds digit of s(26)?
3
Suppose 11*g = 3504 + 6594. Let q = 1811 - g. What is the tens digit of q?
9
Let m(j) = 12 + 1 + 1 - j**2 + 6 + 69*j + 0. What is the tens digit of m(35)?
1
Let c be -81*(6/6 - 18). Suppose -3*n + 1178 = 5*u, 5*u + n + 201 = c. Suppose -5*z + u = -840. What is the hundreds digit of z?
2
What is the hundreds digit of 10*(-3)/9*(30116/(-20) - 5)?
0
Suppose 0 = j + 3 + 2, -2*w = -4*j - 28. Suppose 0 = -w*n + 2850 - 478. What is the tens digit of n?
9
Let j(p) = 37*p**2 + 112*p + 508. What is the tens digit of j(-22)?
5
Suppose -13*g + 10*g = -18. Suppose -g*n + 294 = -216. What is the units digit of n?
5
Let k(s) = 44. Let v(f) = -2*f + 43. Let z(t) = -6*k(t) + 7*v(t). Let a be z(8). Let r = 186 + a. What is the hundreds digit of r?
1
Let u = -41239 - -100696. What is the units digit of u?
7
Let i be 190/50 - 1/(-5). Suppose -c - i*c = -3*m - 321, m = 2*c - 128. Suppose -2*j + 3*h = -j - 67, c = j - h. What is the tens digit of j?
6
Let s(m) = 6*m - 7. Let q(a) = a**2 - 17*a + 19. Let i(o) = 4*q(o) + 11*s(o). Suppose 0 = -7*p - 42 + 7. What is the hundreds digit of i(p)?
1
Suppose 20*o + 308 = -652. Suppose -3*j = -4*q - 47, 4*j - 4*q + 6*q = 26. What is the units digit of (1/(j/o))/(2/(-42))?
2
Let m be (23 - 9)/((-2)/(-7)). Suppose m*b - 15*b = 21590. What is the tens digit of b?
3
Suppose 2*k - 13 = -5*n, 5*n - 3*k - 15 = n. Suppose 0 = -p + 4 - n. What is the tens digit of -2*p - (-2 - 116)?
1
Let h = -749 + 825. Suppose h*u - 3172 = 63*u. What is the units digit of u?
4
Suppose 6*s = 10*s + 14524. Let u be (-8)/(-28) - s/7. Suppose -6*k = 105 - u. What is the units digit of k?
9
Let x(w) = -27*w**3 + 5*w**2 - 28*w - 34. What is the tens digit of x(-7)?
6
Let o(r) be the second derivative of -r**4/12 - 26*r**3/3 - 14*r**2 - 10*r + 2. What is the tens digit of o(-23)?
3
Let m = -17572 - -29960. What is the tens digit of m?
8
Suppose 6*q = n + 8*q + 16, 2*q = -4*n - 76. What is the hundreds digit of n/110 - (-1 + 10331/(-11))?
9
Let a(o) = o - 3. Let q be a(19). Suppose 0 = 4*v - 2*v - q. Suppose -v = 5*p + 5*t - 138, 0 = -t. What is the units digit of p?
6
Suppose 2*w = -5*z - 9, 0 = 4*w + 3*z + 1 - 18. Suppose -4*x = -3*x + w. Let j(s) = -9*s - 13. What is the units digit of j(x)?
9
Suppose 1316 = -293*c + 297*c. Let f be 1/(3 - 2) - -520. Let x = f - c. What is the units digit of x?
2
Let f(s) = s**2 - 5*s + 32. Let k be f(15). Suppose 526 = h + k.